its digit of v?
0
Suppose 2*q + 2*q = 4, -4*l + q = 41. What is the units digit of (-64)/l - (-4)/(-10)?
6
Let p(j) = j**2 + j + 28. What is the units digit of p(0)?
8
Let a = 41 + -27. What is the units digit of a?
4
Let x(k) = 2*k**3 - 3*k**2 + 2*k - 2. Let b be x(2). What is the tens digit of (-174)/(-10) + b/(-15)?
1
Suppose 5*y - 31 = -1. Suppose 0*d = 2*d - y. What is the units digit of d?
3
Let k(j) = j**3 + 9*j**2 + 7*j + 7. Let l(v) = -v**3 - 6*v**2 - 3*v + 3. Let s be l(-5). Let z be k(s). What is the units digit of (-18)/(-8)*z/21?
6
Suppose 29 - 9 = -4*d. Let p(l) = l**3 + 6*l**2 + 2*l - 5. What is the units digit of p(d)?
0
Let p(c) = 3 + c - 11*c**3 + 7*c + 7*c**2 + 12*c**3. What is the units digit of p(-5)?
3
Let w(k) = -2*k + 14. Let t be w(7). What is the tens digit of 48 + -3 + (2 - t)?
4
Let f = -239 + 337. Suppose -3*v + f = -13. What is the tens digit of v?
3
Suppose 5*z + 2*v - 18 + 5 = 0, v = z - 4. Let a = z + -1. What is the units digit of a?
2
Let i(u) = -3*u**3 - 7*u**2 - u + 1. Let x(p) = -8*p**3 - 21*p**2 - 2*p + 3. Let o(m) = 11*i(m) - 4*x(m). What is the units digit of o(6)?
7
Let c(k) be the first derivative of -k**3/3 - k**2/2 + 18*k + 21. Let p = 0 - 0. What is the tens digit of c(p)?
1
Suppose 0 = -4*y - y - 340. Let k be -3*(1 + y/6). Let l = k + -21. What is the units digit of l?
0
Suppose 5*q + 11 = 6*q. Let h be 1*(-1 + 32 + -2). Let d = h - q. What is the units digit of d?
8
Let n be 5 - (2 + (-2 - -1)). Suppose 2*y - n = 2*v, 5*y - 1 = -0*y - 4*v. What is the units digit of y?
1
Suppose y = -3 - 2, 0 = 2*m - y - 73. What is the units digit of m?
4
Let v(f) = -2*f + 13. Let d be v(0). Let t = 45 - d. What is the tens digit of t?
3
Let h(b) = -8*b + 9. What is the tens digit of h(-4)?
4
What is the tens digit of (-30 + 0)/(((-39)/(-2))/(-13))?
2
Suppose -b = 3*x - 93 + 2, 0 = x + 2*b - 32. Suppose 0*s = -3*s + x. What is the tens digit of s?
1
Let s = 20 - 18. Suppose 38 = 3*o + s*h, -o - h = -5*o + 58. What is the units digit of o?
4
Suppose -2*o = 2*o - 176. What is the units digit of o?
4
Suppose 0 = 2*n + 1 + 1. Let l = 5 - n. What is the units digit of (-1)/3 - (-56)/l?
9
Suppose 17*n = 16*n + 40. What is the units digit of n?
0
Let v(f) = -f**3 - 5*f**2 + 6*f + 9. Let s be v(-6). Suppose -2*a + 11 = 5*x, -4*a + 3*a - 5*x = 2. Let n = a - s. What is the units digit of n?
4
Let q = -4 + 17. Let l = q - 9. What is the units digit of l?
4
Let x be (2 + 1)*-1*1. Let l = x + 5. What is the units digit of l?
2
Suppose 3*y = -13 + 37. Let t be 4/y - 18/(-4). Suppose -t*h + 1 = -4. What is the units digit of h?
1
Let a be -3*1*(-3 + 2). Let q be 2/3 + (-32)/(-24). Let y = q + a. What is the units digit of y?
5
Suppose r - 4*f - 62 = -0*r, 136 = 2*r + 4*f. What is the tens digit of r?
6
What is the units digit of (32/3)/(2/9)?
8
Let m(h) = h**2 + 4*h - 6. Suppose 3*v + 26 = u, 2*v - 2 - 9 = -5*u. What is the units digit of m(v)?
5
Let i(m) = 2*m**2 - 1. Let y be i(-1). Let j be (-9)/6*(-2)/y. Suppose j*f - 6 = 0, -f = -k + 1 + 3. What is the units digit of k?
6
Let s be (-6)/(-15) + 46/10. Suppose -s*n + 80 = -5*i, 0*n - 38 = -2*n - 4*i. What is the tens digit of n?
1
Let b = 4 + 1. Suppose v + b = c, -12 - 13 = -c - 4*v. What is the units digit of c?
9
Suppose -5*p = 4*v - 3, -5*p + 3*v - v = -21. Suppose -p*g - 6 = -5*g. What is the units digit of g?
3
Let k(g) = -g + 2*g**2 - g**2 + 5*g**2. Let j be k(1). Let h = j - 4. What is the units digit of h?
1
Suppose -3*x - 8 = 3*r - 29, 3*r - 5*x = 29. Let j = 8 - r. What is the tens digit of 12 - (3 + j + -5)?
1
Let w(j) = -2*j**2 - 47*j + 1. What is the hundreds digit of w(-20)?
1
Let s(n) = n + 1. Let t(w) = 9*w - 1. Let j(m) = -2*s(m) + t(m). Suppose 18*b + 6 = 21*b. What is the tens digit of j(b)?
1
Suppose 86 + 18 = r. What is the units digit of r?
4
What is the units digit of -4 + 1116/(6/1)?
2
Suppose 4*f - 32 = 5*x, f + x = 6*x + 23. Suppose -2*t - 2*a + 10 = 0, -f*t = -0*t + a - 25. What is the tens digit of t?
1
Suppose 2*h + 6 = -8. What is the tens digit of 4/(h/((-147)/6))?
1
Let o(c) be the second derivative of -c**3/6 + 5*c**2 - 6*c. What is the tens digit of o(0)?
1
Let d(s) = -3*s - 7. Let r be d(-5). Let b = -6 + r. Suppose 4*t + 3*p + b = 0, 3*t + 3*p + 3 = -0*t. What is the units digit of t?
1
Let y be (-40)/1*7/14. Let r = 37 + y. What is the tens digit of r?
1
Let l(k) = 2*k**2 - 6*k + 4. Let s be l(4). What is the tens digit of (53 + 1)/(s/6)?
2
What is the tens digit of (-5)/30 - (-566)/12?
4
Let f = -4 + 12. Suppose 0*k = -4*k + f. Suppose k*q = 4*l + 2, -l + 3*q = -q + 11. What is the units digit of l?
1
Let q(d) = -d + 2. Let v be q(4). What is the tens digit of 15/v*-1*2?
1
Let j be 1/2 - 1485/(-22). Suppose -17*x - j = -19*x. What is the units digit of x?
4
Suppose 3*n + 77 = 5*v, -3*v + 11 + 20 = -n. Let f = -10 - n. What is the units digit of f?
9
Let h be 1/3 - 59/(-3). Suppose -3*f - 17 = 5*v - 9*v, 4*f = h. Suppose v = 2*c, 0*c + c = -5*q + 9. What is the units digit of q?
1
Let m(g) = -g**2 + 5*g. Let r be m(4). Suppose r*s - x = -15, 5*s - 6 = 3*s - 4*x. What is the units digit of 2/(-3) + (-20)/s?
6
Let s(o) = 19*o - 8. Let t be s(-8). Let i be ((-6)/(-5))/((-12)/t). Let c = i + -11. What is the units digit of c?
5
Let z = 80 + -37. What is the tens digit of z?
4
Let d = 170 + -77. What is the units digit of d/7 - (-10)/(-35)?
3
Let i be (-290)/(-6) + 1/(-3). Suppose 0 = -0*b + 2*b - i. Suppose -4*a - 3*f + b = -5, -5*a - f + 28 = 0. What is the units digit of a?
5
Suppose 7*g - 12*g + 685 = 0. What is the tens digit of g?
3
Suppose 2*p = 5*u - 19 - 23, p = u - 9. Let i(d) = -2*d - d**3 - 2*d - 3*d - u*d**2 + 5. What is the units digit of i(-7)?
5
Suppose 0 = -3*h + l + 259, 3*l + 81 = -2*h + 3*h. What is the tens digit of h?
8
Let f = 7 + -4. Suppose -12 = -r - 5*o, 3*r + 5*o - f = 13. What is the units digit of r?
2
Suppose -22 = 4*z - 370. What is the tens digit of z?
8
What is the units digit of 3*((-1)/3)/(5/(-40))?
8
Suppose w - 4*w + 75 = 0. What is the tens digit of w?
2
Suppose 5*h = 5*x - 66 - 79, 2*x = -h + 46. What is the units digit of x?
5
Suppose -3*v + 252 = y + 15, -y = -v + 83. Suppose -5*h + v = -0*h. What is the tens digit of h?
1
Let l(s) = -s**3 + 7*s**2 - 5*s + 6. What is the units digit of l(5)?
1
Let o(m) = 10*m + 15. Let a(w) = -21*w - 29. Let h(b) = 4*a(b) + 7*o(b). What is the units digit of h(-5)?
9
Let x be 0 - (-1 + 9/3). What is the units digit of 7 + x + -4 + 3?
4
Let h(g) be the third derivative of -g**6/120 - 2*g**5/15 + g**4/4 - 7*g**3/6 + 4*g**2. What is the tens digit of h(-9)?
2
Suppose n = 2*d + 104, 0 = 2*n - 0*n - 2*d - 204. What is the units digit of n?
0
Suppose -4*f = -5*o + 176, 55 - 207 = -5*o - 2*f. What is the units digit of o?
2
What is the units digit of (-4)/10 - 285/(-25)?
1
Let p(m) = -m**3 + 7*m**2 + 8*m + 4. Let t be p(8). Let q be 5/(-15) - t/6. Let v(f) = -20*f. What is the tens digit of v(q)?
2
Suppose 0 = o - 2*k - 39, 2*o + k = -2*o + 183. What is the tens digit of o?
4
Suppose 3*y - 1 = 5. What is the units digit of 6 - (-3 + 3 - y)?
8
Let q(a) be the first derivative of -a**4/4 + 11*a**3/3 + a**2/2 + 15*a + 3. What is the tens digit of q(11)?
2
Let x be (42/15)/((-1)/10). Let g = -20 - x. What is the units digit of g?
8
Suppose -w = 3*h + 7 - 27, -w = -h. Suppose -w*k + 63 = 13. What is the units digit of k?
0
Suppose 4*k - 144 = -2*q - 2*q, -3*k = -3*q + 102. What is the tens digit of q?
3
Let l(w) = 8*w - 5. Let r be l(5). Let u = r - 16. What is the tens digit of u?
1
Let y be (0 - -20)/(12/6). Let a = y - 5. What is the units digit of a?
5
Let l = 144 - -2. What is the units digit of l?
6
Let d = -14 + -6. What is the units digit of 1*(-5)/(d/88)?
2
Let z(t) be the third derivative of -1/24*t**4 - 1/20*t**6 + 2*t**2 + 0*t + 0*t**5 + 0*t**3 + 0. What is the units digit of z(-1)?
7
Suppose 2*f - 3*f + 24 = 0. What is the units digit of f?
4
Let l = -44 - -80. What is the units digit of l?
6
Let n(z) be the second derivative of z**4/12 + 5*z**3/3 + 9*z**2/2 + 2*z. Let p be n(-9). Suppose o + 8 = 2*o + 5*g, p = -3*g - 3. What is the tens digit of o?
1
Let o(w) = 13*w**2 - 6*w + 14. What is the hundreds digit of o(-4)?
2
What is the units digit of ((-224)/35)/